s -1692 + -453?
-2145
In base 12, what is 6 - -66174?
6617a
In base 7, what is -22661 + 3563?
-16065
In base 9, what is 22252 + 51532?
73784
In base 9, what is -46 + -11331752?
-11331808
In base 8, what is 1621333 - -413?
1621746
In base 4, what is -2 - -131230120110?
131230120102
In base 5, what is -232130 + -2223?
-234403
In base 3, what is -22 - -10120222211010?
10120222210211
In base 4, what is 23201233 + 323022?
30130321
In base 11, what is -a77400 - 54?
-a77454
In base 2, what is 10000101110001100100110100 - 11?
10000101110001100100110001
In base 7, what is -30125150 - 6?
-30125156
In base 5, what is -4 + -4322122034?
-4322122043
In base 9, what is 20721 + 5821?
26642
In base 2, what is 10111101110111010000111000 - 11?
10111101110111010000110101
In base 5, what is -14120402 + 142?
-14120210
In base 7, what is 11334 + -246443?
-235106
In base 2, what is -11 + 1111111110101100000100?
1111111110101100000001
In base 11, what is -64208286 + 0?
-64208286
In base 7, what is -15 + -53651243?
-53651261
In base 9, what is 36682268 - -3?
36682272
In base 13, what is -5 - 5a3821?
-5a3826
In base 6, what is -13154 - -43101?
25503
In base 3, what is -11011222200 - 10202?
-11012010102
In base 7, what is -4 + 1161264422?
1161264415
In base 9, what is -1064 - 76022?
-77086
In base 2, what is 1001 - -11110111100000011001001?
11110111100000011010010
In base 16, what is -18 + -1f14fa?
-1f1512
In base 16, what is 3 + -25066de?
-25066db
In base 15, what is -72 + 25c080?
25c00d
In base 4, what is 223210 + -203121113?
-202231303
In base 10, what is -26830 - -129?
-26701
In base 3, what is -212121222210122 - 2?
-212121222210201
In base 7, what is -1046133 - -6023?
-1040110
In base 2, what is -10100000110001011100101 + 10110?
-10100000110001011001111
In base 16, what is -1510 + -b?
-151b
In base 11, what is -897 - a387?
-10173
In base 6, what is 432 - -54321?
55153
In base 15, what is -871c + 90d?
-7d0e
In base 8, what is 16 + 7023314?
7023332
In base 5, what is -10223030 - 4433?
-10233013
In base 6, what is 1540 - -35114?
41054
In base 11, what is -4799a + -289?
-48178
In base 2, what is 11000111111100 + 1001001100011?
100010001011111
In base 11, what is 9224 - 474?
8860
In base 10, what is -16506 + -343?
-16849
In base 15, what is -c1a50 - a?
-c1a5a
In base 11, what is 161a + -88500?
-86991
In base 13, what is -54c + -5c735?
-5cc84
In base 13, what is 165571b0 - -3?
165571b3
In base 8, what is -7666430 + -134?
-7666564
In base 6, what is -21024 - -11512?
-5112
In base 2, what is -110001111001101110 + -11100?
-110001111010001010
In base 2, what is 11100000011000000 - -1000000110010?
11101000011110010
In base 12, what is 3 - -26150971?
26150974
In base 12, what is 3a0631 - -4?
3a0635
In base 7, what is -1252 - -1043253?
1042001
In base 7, what is -35533 + -16441?
-55304
In base 16, what is e693b + -8?
e6933
In base 6, what is 53552130051 - -4?
53552130055
In base 12, what is -3 + -a3939ba?
-a393a01
In base 13, what is 3 - -697045?
697048
In base 3, what is -1200020 + -12022012?
-20222102
In base 3, what is -11000202012 + 11101?
-11000120211
In base 3, what is 2200200221111 - 2022?
2200200212012
In base 2, what is 10 + 110010011000100101001111011?
110010011000100101001111101
In base 4, what is -3130 + 11322210?
11313020
In base 8, what is -5 + -62713057?
-62713064
In base 14, what is c6c902 + 1?
c6c903
In base 7, what is 242 + 1654135?
1654410
In base 5, what is -4010202141 + 332?
-4010201304
In base 2, what is -11111110001111000000 - -1000110?
-11111110001101111010
In base 4, what is -2 - 10111220033?
-10111220101
In base 9, what is -2143 - -722847?
720704
In base 7, what is -3 - 465263560?
-465263563
In base 8, what is -35633320 - -6?
-35633312
In base 2, what is 100001 + -1100010010?
-1011110001
In base 5, what is -22222312 + -2120?
-22224432
In base 11, what is 1 - -12590072?
12590073
In base 16, what is -624251 - 0?
-624251
In base 16, what is -68ce8b - 15?
-68cea0
In base 3, what is -100211111120202 + -10120?
-100211111201022
In base 6, what is 22232103 - 2001?
22230102
In base 2, what is 10000111001 - 1000110011011001101?
-1000110001010010100
In base 9, what is -425344764 - -3?
-425344761
In base 5, what is -3004232302200 - 0?
-3004232302200
In base 14, what is -5b + 55949d?
559442
In base 7, what is -1212 + 2332?
1120
In base 14, what is 1d34 - 283?
1a91
In base 10, what is 25 + 1160446?
1160471
In base 10, what is -113350 + 116?
-113234
In base 10, what is -2727 - 6773?
-9500
In base 15, what is -3 + -21ee3e3?
-21ee3e6
In base 8, what is -1331 - -151164?
147633
In base 2, what is 10110101101111 - 1001010001?
10101100011110
In base 5, what is -3430123 - -2343?
-3422230
In base 13, what is b4a3 - 191c?
9884
In base 4, what is -11020 - 311001302?
-311012322
In base 3, what is -22211112120021 - 0?
-22211112120021
In base 7, what is -12205 - -12002?
-203
In base 14, what is 188c8c8 + 5?
188c8cd
In base 13, what is -1017b4 - 164?
-101948
In base 6, what is 0 + 20213311?
20213311
In base 2, what is -1111010 - -10001011110111110?
10001011101000100
In base 2, what is -1111 + -11110100000110100110100010?
-11110100000110100110110001
In base 7, what is 64625206 + 2?
64625211
In base 4, what is 212203122 + 1211100?
220020222
In base 16, what is -1072 - 4e04?
-5e76
In base 8, what is 2446043544 - 5?
2446043537
In base 4, what is 122021230 - -23303?
122111133
In base 14, what is -8 - -3b76d?
3b765
In base 12, what is 4ba244 - 518?
4b9928
In base 3, what is 1000 - -111021121212020?
111021121220020
In base 12, what is -84654 + -85?
-84719
In base 11, what is -18 - 621988?
-6219a5
In base 12, what is 20b49 - -48?
20b95
In base 16, what is 17 - 6982c?
-69815
In base 9, what is -11887 - 546?
-12544
In base 12, what is -320 - -33a985?
33a665
In base 16, what is -a + 5f87a7?
5f879d
In base 15, what is -5 + 1c7293?
1c728d
In base 13, what is 4 - 9413802?
-94137cb
In base 15, what is c9b9 + -1e?
c99a
In base 8, what is 2001 - 1353?
426
In base 5, what is 221211022 + 1?
221211023
In base 14, what is 12155 - -1?
12156
In base 8, what is 1157142437 + 5?
1157142444
In base 7, what is 3 + -663556161?
-663556155
In base 4, what is -12 - -3321310020?
3321310002
In base 3, what is 2202012210 - -1111002?
2210200212
In base 3, what is 0 - -20222221201102?
20222221201102
In base 16, what is 35dc - -84?
3660
In base 12, what is 2b5514 + 17?
2b552b
In base 13, what is 5 - -12597a22?
12597a27
In base 13, what is 587c - 1134?
4748
In base 15, what is 1a0aeb - 1e?
1a0acc
In base 2, what is -11100101001100000100110100 - 100?
-11100101001100000100111000
In base 6, what is 23 - -33250121?
33250144
In base 7, what is 11452 - 64034?
-52252
In base 4, what is 1103130 + 20120210?
21230000
In base 15, what is -197 + 5e6d?
5cc6
In base 16, what is 11e07 + -3d2?
11a35
In base 5, what is 244102 + -1220023?
-420421
In base 7, what is 236552436 + -11?
236552425
In base 16, what is -7b3 - -50a7?
48f4
In base 8, what is 7056 + -15451?
-6373
In base 9, what is 4 - 30555414?
-30555410
In base 6, what is 1504 - -1030021?
1031525
In base 5, what is -1413131 - -44244?
-1313332
In base 6, what is -31341115 + -52?
-31341211
In base 14, what is 31451 - 1093?
3039c
In base 14, what is -b70742 + 2?
-b70740
In base 12, what is -8 - 36aa15?
-36aa21
In base 12, what is -26468 + 306?
-26162
In base 14, what is -2c129 - -66?
-2c0a3
In base 5, what is -110 - 110343340?
-110344000
In base 5, what is -1 - 21311432141?
-21311432142
In base 15, what is -4 + -7e27828?
-7e2782c
In base 16, what is -3d8 + -66d6?
-6aae
In base 16, what is 6537bc + -5?
6537b7
In base 4, what is 2 + 112230132322?
112230132330
In base 3, what is 1200 - 201102122202000?
-201102122200100
In base 10, what is 986970 + -89?
986881
In base 5, what is 33034344 + 1223?
33041122
In base 5, what is -10311402314103 - 0?
-10311402314103
In base 7, what is -3 - 25161162?
-25161165
In base 7, what is 1044 - 6231222?
-6230145
In base 14, what is 11b7 + -21abb?
-20904
In base 7, what is -1235534 - 461?
-1236325
In base 6, what is 14201122 + 15553?
14221115
In base 5, what is -12 - -403310041333?
403310041321
In base 10, what is 1 - -79121831?
79121832
In base 12, what is 8 - 2898b5b2?
-2898b5a6
In base 8, what is 44 - 32531250?
-32531204
In base 7, what is 334532